{"id":266,"date":"2025-02-25T13:06:52","date_gmt":"2025-02-25T12:06:52","guid":{"rendered":"https:\/\/zsuzsanna-kh.internetworking.hu\/?page_id=266"},"modified":"2025-03-03T14:54:27","modified_gmt":"2025-03-03T13:54:27","slug":"kosar","status":"publish","type":"page","link":"https:\/\/zsuzsanna-kh.internetworking.hu\/?page_id=266","title":{"rendered":"Kos\u00e1r"},"content":{"rendered":"<div data-block-name=\"woocommerce\/cart\" class=\"wp-block-woocommerce-cart alignwide is-loading\"><div data-block-name=\"woocommerce\/filled-cart-block\" class=\"wp-block-woocommerce-filled-cart-block\"><div data-block-name=\"woocommerce\/cart-items-block\" class=\"wp-block-woocommerce-cart-items-block\"><div data-block-name=\"woocommerce\/cart-line-items-block\" class=\"wp-block-woocommerce-cart-line-items-block\"><\/div>\n\n<div data-block-name=\"woocommerce\/cart-cross-sells-block\" class=\"wp-block-woocommerce-cart-cross-sells-block\"><h2 class=\"wp-block-heading has-large-font-size\">Tal\u00e1n \u00e9rdekelhetnek ezek&#8230;<\/h2>\n\n<div data-block-name=\"woocommerce\/cart-cross-sells-products-block\" class=\"wp-block-woocommerce-cart-cross-sells-products-block\"><\/div><\/div><\/div>\n\n<div data-block-name=\"woocommerce\/cart-totals-block\" class=\"wp-block-woocommerce-cart-totals-block\"><div data-block-name=\"woocommerce\/cart-order-summary-block\" class=\"wp-block-woocommerce-cart-order-summary-block\"><div data-block-name=\"woocommerce\/cart-order-summary-heading-block\" class=\"wp-block-woocommerce-cart-order-summary-heading-block\"><\/div><div data-block-name=\"woocommerce\/cart-order-summary-coupon-form-block\" class=\"wp-block-woocommerce-cart-order-summary-coupon-form-block\"><\/div><div data-block-name=\"woocommerce\/cart-order-summary-totals-block\" class=\"wp-block-woocommerce-cart-order-summary-totals-block\">\n<div data-block-name=\"woocommerce\/cart-order-summary-subtotal-block\" class=\"wp-block-woocommerce-cart-order-summary-subtotal-block\"><\/div>\n<div data-block-name=\"woocommerce\/cart-order-summary-discount-block\" class=\"wp-block-woocommerce-cart-order-summary-discount-block\"><\/div>\n<div data-block-name=\"woocommerce\/cart-order-summary-fee-block\" class=\"wp-block-woocommerce-cart-order-summary-fee-block\"><\/div>\n<div data-block-name=\"woocommerce\/cart-order-summary-shipping-block\" class=\"wp-block-woocommerce-cart-order-summary-shipping-block\"><\/div>\n<div data-block-name=\"woocommerce\/cart-order-summary-taxes-block\" class=\"wp-block-woocommerce-cart-order-summary-taxes-block\"><\/div><\/div><\/div>\n\n<div data-block-name=\"woocommerce\/cart-express-payment-block\" class=\"wp-block-woocommerce-cart-express-payment-block\"><\/div>\n\n<div data-block-name=\"woocommerce\/proceed-to-checkout-block\" class=\"wp-block-woocommerce-proceed-to-checkout-block\"><\/div>\n\n<div data-block-name=\"woocommerce\/cart-accepted-payment-methods-block\" class=\"wp-block-woocommerce-cart-accepted-payment-methods-block\"><\/div><\/div><\/div>\n\n<div data-block-name=\"woocommerce\/empty-cart-block\" class=\"wp-block-woocommerce-empty-cart-block\"><h2 class=\"wp-block-heading has-text-align-center with-empty-cart-icon wc-block-cart__empty-cart__title\">Jelenleg \u00fcres a kosarad.<\/h2>\n\n<hr class=\"wp-block-separator has-alpha-channel-opacity is-style-dots\"\/>\n\n<h2 class=\"wp-block-heading has-text-align-center\">\u00dajdons\u00e1gok<\/h2>\n\n<div data-block-name=\"woocommerce\/product-new\" data-columns=\"4\" data-rows=\"1\" class=\"wc-block-grid wp-block-product-new wp-block-woocommerce-product-new wc-block-product-new has-4-columns\"><ul class=\"wc-block-grid__products\"><li class=\"wc-block-grid__product\">\n\t\t\t\t<a href=\"https:\/\/zsuzsanna-kh.internetworking.hu\/?product=kerti-kesztyu\" class=\"wc-block-grid__product-link\">\n\t\t\t\t\t\n\t\t\t\t\t<div class=\"wc-block-grid__product-image\"><img loading=\"lazy\" decoding=\"async\" width=\"300\" height=\"300\" src=\"https:\/\/zsuzsanna-kh.internetworking.hu\/wp-content\/uploads\/kerti-kesztyu-2-300x300.jpg\" class=\"attachment-woocommerce_thumbnail size-woocommerce_thumbnail\" alt=\"Kerti keszty\u0171\" srcset=\"https:\/\/zsuzsanna-kh.internetworking.hu\/wp-content\/uploads\/kerti-kesztyu-2-300x300.jpg 300w, https:\/\/zsuzsanna-kh.internetworking.hu\/wp-content\/uploads\/kerti-kesztyu-2-100x100.jpg 100w, https:\/\/zsuzsanna-kh.internetworking.hu\/wp-content\/uploads\/kerti-kesztyu-2-600x600.jpg 600w, https:\/\/zsuzsanna-kh.internetworking.hu\/wp-content\/uploads\/kerti-kesztyu-2-1024x1024.jpg 1024w, https:\/\/zsuzsanna-kh.internetworking.hu\/wp-content\/uploads\/kerti-kesztyu-2-150x150.jpg 150w, https:\/\/zsuzsanna-kh.internetworking.hu\/wp-content\/uploads\/kerti-kesztyu-2-768x768.jpg 768w, https:\/\/zsuzsanna-kh.internetworking.hu\/wp-content\/uploads\/kerti-kesztyu-2-60x60.jpg 60w, https:\/\/zsuzsanna-kh.internetworking.hu\/wp-content\/uploads\/kerti-kesztyu-2.jpg 1500w\" sizes=\"auto, (max-width: 300px) 100vw, 300px\" \/><\/div>\n\t\t\t\t\t<div class=\"wc-block-grid__product-title\">Kerti keszty\u0171<\/div>\n\t\t\t\t<\/a>\n\t\t\t\t<div class=\"wc-block-grid__product-price price\"><span class=\"woocommerce-Price-amount amount\">1200&nbsp;<span class=\"woocommerce-Price-currencySymbol\">&#070;&#116;<\/span><\/span><\/div>\n\t\t\t\t\n\t\t\t\t<div class=\"wp-block-button wc-block-grid__product-add-to-cart\"><a href=\"?add-to-cart=712\" aria-label=\"Kos\u00e1rba: &ldquo;Kerti keszty\u0171&rdquo;\" data-quantity=\"1\" data-product_id=\"712\" data-product_sku=\"FK033\" data-price=\"1200\" rel=\"nofollow\" class=\"wp-block-button__link  add_to_cart_button ajax_add_to_cart\">Kos\u00e1rba teszem<\/a><\/div>\n\t\t\t<\/li><li class=\"wc-block-grid__product\">\n\t\t\t\t<a href=\"https:\/\/zsuzsanna-kh.internetworking.hu\/?product=cserepes-rozsa\" class=\"wc-block-grid__product-link\">\n\t\t\t\t\t<div class=\"wc-block-grid__product-onsale\">\n\t\t\t<span aria-hidden=\"true\">Akci\u00f3<\/span>\n\t\t\t<span class=\"screen-reader-text\">Akci\u00f3s term\u00e9k<\/span>\n\t\t<\/div>\n\t\t\t\t\t<div class=\"wc-block-grid__product-image\"><img loading=\"lazy\" decoding=\"async\" width=\"300\" height=\"300\" src=\"https:\/\/zsuzsanna-kh.internetworking.hu\/wp-content\/uploads\/cserepes-rozsa-300x300.jpg\" class=\"attachment-woocommerce_thumbnail size-woocommerce_thumbnail\" alt=\"Cserepes r\u00f3zsa\" srcset=\"https:\/\/zsuzsanna-kh.internetworking.hu\/wp-content\/uploads\/cserepes-rozsa-300x300.jpg 300w, https:\/\/zsuzsanna-kh.internetworking.hu\/wp-content\/uploads\/cserepes-rozsa-100x100.jpg 100w, https:\/\/zsuzsanna-kh.internetworking.hu\/wp-content\/uploads\/cserepes-rozsa-600x600.jpg 600w, https:\/\/zsuzsanna-kh.internetworking.hu\/wp-content\/uploads\/cserepes-rozsa-1024x1024.jpg 1024w, https:\/\/zsuzsanna-kh.internetworking.hu\/wp-content\/uploads\/cserepes-rozsa-150x150.jpg 150w, https:\/\/zsuzsanna-kh.internetworking.hu\/wp-content\/uploads\/cserepes-rozsa-768x768.jpg 768w, https:\/\/zsuzsanna-kh.internetworking.hu\/wp-content\/uploads\/cserepes-rozsa-60x60.jpg 60w, https:\/\/zsuzsanna-kh.internetworking.hu\/wp-content\/uploads\/cserepes-rozsa.jpg 1500w\" sizes=\"auto, (max-width: 300px) 100vw, 300px\" \/><\/div>\n\t\t\t\t\t<div class=\"wc-block-grid__product-title\">Cserepes r\u00f3zsa<\/div>\n\t\t\t\t<\/a>\n\t\t\t\t<div class=\"wc-block-grid__product-price price\"><del aria-hidden=\"true\"><span class=\"woocommerce-Price-amount amount\">3600&nbsp;<span class=\"woocommerce-Price-currencySymbol\">&#070;&#116;<\/span><\/span><\/del> <span class=\"screen-reader-text\">Original price was: 3600&nbsp;&#070;&#116;.<\/span><ins aria-hidden=\"true\"><span class=\"woocommerce-Price-amount amount\">2880&nbsp;<span class=\"woocommerce-Price-currencySymbol\">&#070;&#116;<\/span><\/span><\/ins><span class=\"screen-reader-text\">Current price is: 2880&nbsp;&#070;&#116;.<\/span><\/div>\n\t\t\t\t\n\t\t\t\t<div class=\"wp-block-button wc-block-grid__product-add-to-cart\"><a href=\"?add-to-cart=710\" aria-label=\"Kos\u00e1rba: &ldquo;Cserepes r\u00f3zsa&rdquo;\" data-quantity=\"1\" data-product_id=\"710\" data-product_sku=\"FK032\" data-price=\"2880\" rel=\"nofollow\" class=\"wp-block-button__link  add_to_cart_button ajax_add_to_cart\">Kos\u00e1rba teszem<\/a><\/div>\n\t\t\t<\/li><li class=\"wc-block-grid__product\">\n\t\t\t\t<a href=\"https:\/\/zsuzsanna-kh.internetworking.hu\/?product=kerti-to-epito-keszlet\" class=\"wc-block-grid__product-link\">\n\t\t\t\t\t\n\t\t\t\t\t<div class=\"wc-block-grid__product-image\"><img loading=\"lazy\" decoding=\"async\" width=\"300\" height=\"300\" src=\"https:\/\/zsuzsanna-kh.internetworking.hu\/wp-content\/uploads\/kerti-to-epito-keszlet-300x300.jpg\" class=\"attachment-woocommerce_thumbnail size-woocommerce_thumbnail\" alt=\"Kerti t\u00f3 \u00e9p\u00edt\u0151 k\u00e9szlet\" srcset=\"https:\/\/zsuzsanna-kh.internetworking.hu\/wp-content\/uploads\/kerti-to-epito-keszlet-300x300.jpg 300w, https:\/\/zsuzsanna-kh.internetworking.hu\/wp-content\/uploads\/kerti-to-epito-keszlet-100x100.jpg 100w, https:\/\/zsuzsanna-kh.internetworking.hu\/wp-content\/uploads\/kerti-to-epito-keszlet-600x600.jpg 600w, https:\/\/zsuzsanna-kh.internetworking.hu\/wp-content\/uploads\/kerti-to-epito-keszlet-1024x1024.jpg 1024w, https:\/\/zsuzsanna-kh.internetworking.hu\/wp-content\/uploads\/kerti-to-epito-keszlet-150x150.jpg 150w, https:\/\/zsuzsanna-kh.internetworking.hu\/wp-content\/uploads\/kerti-to-epito-keszlet-768x768.jpg 768w, https:\/\/zsuzsanna-kh.internetworking.hu\/wp-content\/uploads\/kerti-to-epito-keszlet-60x60.jpg 60w, https:\/\/zsuzsanna-kh.internetworking.hu\/wp-content\/uploads\/kerti-to-epito-keszlet.jpg 1500w\" sizes=\"auto, (max-width: 300px) 100vw, 300px\" \/><\/div>\n\t\t\t\t\t<div class=\"wc-block-grid__product-title\">Kerti t\u00f3 \u00e9p\u00edt\u0151 k\u00e9szlet<\/div>\n\t\t\t\t<\/a>\n\t\t\t\t<div class=\"wc-block-grid__product-price price\"><span class=\"woocommerce-Price-amount amount\">48000&nbsp;<span class=\"woocommerce-Price-currencySymbol\">&#070;&#116;<\/span><\/span><\/div>\n\t\t\t\t\n\t\t\t\t<div class=\"wp-block-button wc-block-grid__product-add-to-cart\"><a href=\"https:\/\/zsuzsanna-kh.internetworking.hu\/?product=kerti-to-epito-keszlet\" aria-label=\"&ldquo;Kerti t\u00f3 \u00e9p\u00edt\u0151 k\u00e9szlet&rdquo; term\u00e9kr\u0151l t\u00f6bb inform\u00e1ci\u00f3\" data-quantity=\"1\" data-product_id=\"708\" data-product_sku=\"FK031\" data-price=\"48000\" rel=\"nofollow\" class=\"wp-block-button__link  add_to_cart_button\">Tov\u00e1bb olvasom<\/a><\/div>\n\t\t\t<\/li><li class=\"wc-block-grid__product\">\n\t\t\t\t<a href=\"https:\/\/zsuzsanna-kh.internetworking.hu\/?product=orokzold-cserje\" class=\"wc-block-grid__product-link\">\n\t\t\t\t\t<div class=\"wc-block-grid__product-onsale\">\n\t\t\t<span aria-hidden=\"true\">Akci\u00f3<\/span>\n\t\t\t<span class=\"screen-reader-text\">Akci\u00f3s term\u00e9k<\/span>\n\t\t<\/div>\n\t\t\t\t\t<div class=\"wc-block-grid__product-image\"><img loading=\"lazy\" decoding=\"async\" width=\"300\" height=\"300\" src=\"https:\/\/zsuzsanna-kh.internetworking.hu\/wp-content\/uploads\/orokzold-cserje-300x300.jpg\" class=\"attachment-woocommerce_thumbnail size-woocommerce_thumbnail\" alt=\"\u00d6r\u00f6kz\u00f6ld cserje\" srcset=\"https:\/\/zsuzsanna-kh.internetworking.hu\/wp-content\/uploads\/orokzold-cserje-300x300.jpg 300w, https:\/\/zsuzsanna-kh.internetworking.hu\/wp-content\/uploads\/orokzold-cserje-100x100.jpg 100w, https:\/\/zsuzsanna-kh.internetworking.hu\/wp-content\/uploads\/orokzold-cserje-600x600.jpg 600w, https:\/\/zsuzsanna-kh.internetworking.hu\/wp-content\/uploads\/orokzold-cserje-1024x1024.jpg 1024w, https:\/\/zsuzsanna-kh.internetworking.hu\/wp-content\/uploads\/orokzold-cserje-150x150.jpg 150w, https:\/\/zsuzsanna-kh.internetworking.hu\/wp-content\/uploads\/orokzold-cserje-768x768.jpg 768w, https:\/\/zsuzsanna-kh.internetworking.hu\/wp-content\/uploads\/orokzold-cserje-1536x1536.jpg 1536w, https:\/\/zsuzsanna-kh.internetworking.hu\/wp-content\/uploads\/orokzold-cserje-2048x2048.jpg 2048w, https:\/\/zsuzsanna-kh.internetworking.hu\/wp-content\/uploads\/orokzold-cserje-60x60.jpg 60w\" sizes=\"auto, (max-width: 300px) 100vw, 300px\" \/><\/div>\n\t\t\t\t\t<div class=\"wc-block-grid__product-title\">\u00d6r\u00f6kz\u00f6ld cserje<\/div>\n\t\t\t\t<\/a>\n\t\t\t\t<div class=\"wc-block-grid__product-price price\"><del aria-hidden=\"true\"><span class=\"woocommerce-Price-amount amount\">8400&nbsp;<span class=\"woocommerce-Price-currencySymbol\">&#070;&#116;<\/span><\/span><\/del> <span class=\"screen-reader-text\">Original price was: 8400&nbsp;&#070;&#116;.<\/span><ins aria-hidden=\"true\"><span class=\"woocommerce-Price-amount amount\">6720&nbsp;<span class=\"woocommerce-Price-currencySymbol\">&#070;&#116;<\/span><\/span><\/ins><span class=\"screen-reader-text\">Current price is: 6720&nbsp;&#070;&#116;.<\/span><\/div>\n\t\t\t\t\n\t\t\t\t<div class=\"wp-block-button wc-block-grid__product-add-to-cart\"><a href=\"?add-to-cart=706\" aria-label=\"Kos\u00e1rba: &ldquo;\u00d6r\u00f6kz\u00f6ld cserje&rdquo;\" data-quantity=\"1\" data-product_id=\"706\" data-product_sku=\"FK030\" data-price=\"6720\" rel=\"nofollow\" class=\"wp-block-button__link  add_to_cart_button ajax_add_to_cart\">Kos\u00e1rba teszem<\/a><\/div>\n\t\t\t<\/li><\/ul><\/div><\/div><\/div>","protected":false},"excerpt":{"rendered":"","protected":false},"author":1,"featured_media":0,"parent":0,"menu_order":3,"comment_status":"closed","ping_status":"closed","template":"","meta":{"footnotes":""},"class_list":["post-266","page","type-page","status-publish","hentry"],"_links":{"self":[{"href":"https:\/\/zsuzsanna-kh.internetworking.hu\/index.php?rest_route=\/wp\/v2\/pages\/266","targetHints":{"allow":["GET"]}}],"collection":[{"href":"https:\/\/zsuzsanna-kh.internetworking.hu\/index.php?rest_route=\/wp\/v2\/pages"}],"about":[{"href":"https:\/\/zsuzsanna-kh.internetworking.hu\/index.php?rest_route=\/wp\/v2\/types\/page"}],"author":[{"embeddable":true,"href":"https:\/\/zsuzsanna-kh.internetworking.hu\/index.php?rest_route=\/wp\/v2\/users\/1"}],"replies":[{"embeddable":true,"href":"https:\/\/zsuzsanna-kh.internetworking.hu\/index.php?rest_route=%2Fwp%2Fv2%2Fcomments&post=266"}],"version-history":[{"count":2,"href":"https:\/\/zsuzsanna-kh.internetworking.hu\/index.php?rest_route=\/wp\/v2\/pages\/266\/revisions"}],"predecessor-version":[{"id":738,"href":"https:\/\/zsuzsanna-kh.internetworking.hu\/index.php?rest_route=\/wp\/v2\/pages\/266\/revisions\/738"}],"wp:attachment":[{"href":"https:\/\/zsuzsanna-kh.internetworking.hu\/index.php?rest_route=%2Fwp%2Fv2%2Fmedia&parent=266"}],"curies":[{"name":"wp","href":"https:\/\/api.w.org\/{rel}","templated":true}]}}