{"id":652,"date":"2025-02-26T16:46:18","date_gmt":"2025-02-26T15:46:18","guid":{"rendered":"https:\/\/zsuzsanna-kh.internetworking.hu\/?product=mutragya"},"modified":"2025-03-03T09:46:33","modified_gmt":"2025-03-03T08:46:33","slug":"mutragya","status":"publish","type":"product","link":"https:\/\/zsuzsanna-kh.internetworking.hu\/?product=mutragya","title":{"rendered":"M\u0171tr\u00e1gya"},"content":{"rendered":"<p>Gyorsan old\u00f3d\u00f3, \u00e1ltal\u00e1nos c\u00e9l\u00fa m\u0171tr\u00e1gya<\/p>\n","protected":false},"excerpt":{"rendered":"<p>Gyorsan old\u00f3d\u00f3, \u00e1ltal\u00e1nos c\u00e9l\u00fa m\u0171tr\u00e1gya<\/p>\n","protected":false},"featured_media":651,"template":"","meta":[],"product_brand":[],"product_cat":[42],"product_tag":[],"class_list":{"0":"post-652","1":"product","2":"type-product","3":"status-publish","4":"has-post-thumbnail","6":"product_cat-tapanyagok","8":"first","9":"instock","10":"taxable","11":"shipping-taxable","12":"purchasable","13":"product-type-simple"},"_links":{"self":[{"href":"https:\/\/zsuzsanna-kh.internetworking.hu\/index.php?rest_route=\/wp\/v2\/product\/652","targetHints":{"allow":["GET"]}}],"collection":[{"href":"https:\/\/zsuzsanna-kh.internetworking.hu\/index.php?rest_route=\/wp\/v2\/product"}],"about":[{"href":"https:\/\/zsuzsanna-kh.internetworking.hu\/index.php?rest_route=\/wp\/v2\/types\/product"}],"wp:featuredmedia":[{"embeddable":true,"href":"https:\/\/zsuzsanna-kh.internetworking.hu\/index.php?rest_route=\/wp\/v2\/media\/651"}],"wp:attachment":[{"href":"https:\/\/zsuzsanna-kh.internetworking.hu\/index.php?rest_route=%2Fwp%2Fv2%2Fmedia&parent=652"}],"wp:term":[{"taxonomy":"product_brand","embeddable":true,"href":"https:\/\/zsuzsanna-kh.internetworking.hu\/index.php?rest_route=%2Fwp%2Fv2%2Fproduct_brand&post=652"},{"taxonomy":"product_cat","embeddable":true,"href":"https:\/\/zsuzsanna-kh.internetworking.hu\/index.php?rest_route=%2Fwp%2Fv2%2Fproduct_cat&post=652"},{"taxonomy":"product_tag","embeddable":true,"href":"https:\/\/zsuzsanna-kh.internetworking.hu\/index.php?rest_route=%2Fwp%2Fv2%2Fproduct_tag&post=652"}],"curies":[{"name":"wp","href":"https:\/\/api.w.org\/{rel}","templated":true}]}}