{"id":678,"date":"2025-02-26T16:46:30","date_gmt":"2025-02-26T15:46:30","guid":{"rendered":"https:\/\/zsuzsanna-kh.internetworking.hu\/?product=kerti-tomlo"},"modified":"2025-03-03T11:39:57","modified_gmt":"2025-03-03T10:39:57","slug":"kerti-tomlo","status":"publish","type":"product","link":"https:\/\/zsuzsanna-kh.internetworking.hu\/?product=kerti-tomlo","title":{"rendered":"Kerti t\u00f6ml\u0151"},"content":{"rendered":"<p>20 m\u00e9ter hossz\u00fa, rugalmas \u00e9s er\u0151s kerti t\u00f6ml\u0151<\/p>\n","protected":false},"excerpt":{"rendered":"<p>20 m\u00e9ter hossz\u00fa, rugalmas \u00e9s er\u0151s kerti t\u00f6ml\u0151<\/p>\n","protected":false},"featured_media":677,"template":"","meta":[],"product_brand":[],"product_cat":[63],"product_tag":[],"class_list":{"0":"post-678","1":"product","2":"type-product","3":"status-publish","4":"has-post-thumbnail","6":"product_cat-kerti-szerszamok-kerti-szerszamok","8":"first","9":"instock","10":"sale","11":"taxable","12":"shipping-taxable","13":"purchasable","14":"product-type-simple"},"_links":{"self":[{"href":"https:\/\/zsuzsanna-kh.internetworking.hu\/index.php?rest_route=\/wp\/v2\/product\/678","targetHints":{"allow":["GET"]}}],"collection":[{"href":"https:\/\/zsuzsanna-kh.internetworking.hu\/index.php?rest_route=\/wp\/v2\/product"}],"about":[{"href":"https:\/\/zsuzsanna-kh.internetworking.hu\/index.php?rest_route=\/wp\/v2\/types\/product"}],"wp:featuredmedia":[{"embeddable":true,"href":"https:\/\/zsuzsanna-kh.internetworking.hu\/index.php?rest_route=\/wp\/v2\/media\/677"}],"wp:attachment":[{"href":"https:\/\/zsuzsanna-kh.internetworking.hu\/index.php?rest_route=%2Fwp%2Fv2%2Fmedia&parent=678"}],"wp:term":[{"taxonomy":"product_brand","embeddable":true,"href":"https:\/\/zsuzsanna-kh.internetworking.hu\/index.php?rest_route=%2Fwp%2Fv2%2Fproduct_brand&post=678"},{"taxonomy":"product_cat","embeddable":true,"href":"https:\/\/zsuzsanna-kh.internetworking.hu\/index.php?rest_route=%2Fwp%2Fv2%2Fproduct_cat&post=678"},{"taxonomy":"product_tag","embeddable":true,"href":"https:\/\/zsuzsanna-kh.internetworking.hu\/index.php?rest_route=%2Fwp%2Fv2%2Fproduct_tag&post=678"}],"curies":[{"name":"wp","href":"https:\/\/api.w.org\/{rel}","templated":true}]}}