{"id":684,"date":"2025-02-26T16:46:34","date_gmt":"2025-02-26T15:46:34","guid":{"rendered":"https:\/\/zsuzsanna-kh.internetworking.hu\/?product=narcisz-kanna"},"modified":"2025-03-03T09:52:10","modified_gmt":"2025-03-03T08:52:10","slug":"narcisz-kanna","status":"publish","type":"product","link":"https:\/\/zsuzsanna-kh.internetworking.hu\/?product=narcisz-kanna","title":{"rendered":"N\u00e1rcisz kanna"},"content":{"rendered":"<p>M\u0171anyag al\u00e1t\u00e9t, 15 cm \u00e1tm\u00e9r\u0151j\u0171 cser\u00e9pekhez<\/p>\n","protected":false},"excerpt":{"rendered":"<p>M\u0171anyag al\u00e1t\u00e9t, 15 cm \u00e1tm\u00e9r\u0151j\u0171 cser\u00e9pekhez<\/p>\n","protected":false},"featured_media":683,"template":"","meta":[],"product_brand":[],"product_cat":[44],"product_tag":[61],"class_list":{"0":"post-684","1":"product","2":"type-product","3":"status-publish","4":"has-post-thumbnail","6":"product_cat-tartozekok","7":"product_tag-uj","9":"first","10":"instock","11":"sale","12":"taxable","13":"shipping-taxable","14":"purchasable","15":"product-type-simple"},"_links":{"self":[{"href":"https:\/\/zsuzsanna-kh.internetworking.hu\/index.php?rest_route=\/wp\/v2\/product\/684","targetHints":{"allow":["GET"]}}],"collection":[{"href":"https:\/\/zsuzsanna-kh.internetworking.hu\/index.php?rest_route=\/wp\/v2\/product"}],"about":[{"href":"https:\/\/zsuzsanna-kh.internetworking.hu\/index.php?rest_route=\/wp\/v2\/types\/product"}],"wp:featuredmedia":[{"embeddable":true,"href":"https:\/\/zsuzsanna-kh.internetworking.hu\/index.php?rest_route=\/wp\/v2\/media\/683"}],"wp:attachment":[{"href":"https:\/\/zsuzsanna-kh.internetworking.hu\/index.php?rest_route=%2Fwp%2Fv2%2Fmedia&parent=684"}],"wp:term":[{"taxonomy":"product_brand","embeddable":true,"href":"https:\/\/zsuzsanna-kh.internetworking.hu\/index.php?rest_route=%2Fwp%2Fv2%2Fproduct_brand&post=684"},{"taxonomy":"product_cat","embeddable":true,"href":"https:\/\/zsuzsanna-kh.internetworking.hu\/index.php?rest_route=%2Fwp%2Fv2%2Fproduct_cat&post=684"},{"taxonomy":"product_tag","embeddable":true,"href":"https:\/\/zsuzsanna-kh.internetworking.hu\/index.php?rest_route=%2Fwp%2Fv2%2Fproduct_tag&post=684"}],"curies":[{"name":"wp","href":"https:\/\/api.w.org\/{rel}","templated":true}]}}