{"id":692,"date":"2025-02-26T16:46:38","date_gmt":"2025-02-26T15:46:38","guid":{"rendered":"https:\/\/zsuzsanna-kh.internetworking.hu\/?product=keramia-kerti-torpe"},"modified":"2025-03-03T09:52:10","modified_gmt":"2025-03-03T08:52:10","slug":"keramia-kerti-torpe","status":"publish","type":"product","link":"https:\/\/zsuzsanna-kh.internetworking.hu\/?product=keramia-kerti-torpe","title":{"rendered":"Ker\u00e1mia kerti t\u00f6rpe"},"content":{"rendered":"<p>Ker\u00e1mia katica szobor, kerti dekor\u00e1ci\u00f3hoz<\/p>\n","protected":false},"excerpt":{"rendered":"<p>K\u00e9t sz\u00e9p t\u00e1lis csahm tatlatott be a kl\u00e1sra, amelynek a trokait aznap m\u00e9g nem pir\u00e1ldozt\u00e1k f\u00f6l a sz\u00edn\u00e9zetek.<\/p>\n","protected":false},"featured_media":691,"template":"","meta":[],"product_brand":[],"product_cat":[48],"product_tag":[],"class_list":{"0":"post-692","1":"product","2":"type-product","3":"status-publish","4":"has-post-thumbnail","6":"product_cat-dekoracio","8":"first","9":"instock","10":"sale","11":"taxable","12":"shipping-taxable","13":"purchasable","14":"product-type-simple"},"_links":{"self":[{"href":"https:\/\/zsuzsanna-kh.internetworking.hu\/index.php?rest_route=\/wp\/v2\/product\/692","targetHints":{"allow":["GET"]}}],"collection":[{"href":"https:\/\/zsuzsanna-kh.internetworking.hu\/index.php?rest_route=\/wp\/v2\/product"}],"about":[{"href":"https:\/\/zsuzsanna-kh.internetworking.hu\/index.php?rest_route=\/wp\/v2\/types\/product"}],"wp:featuredmedia":[{"embeddable":true,"href":"https:\/\/zsuzsanna-kh.internetworking.hu\/index.php?rest_route=\/wp\/v2\/media\/691"}],"wp:attachment":[{"href":"https:\/\/zsuzsanna-kh.internetworking.hu\/index.php?rest_route=%2Fwp%2Fv2%2Fmedia&parent=692"}],"wp:term":[{"taxonomy":"product_brand","embeddable":true,"href":"https:\/\/zsuzsanna-kh.internetworking.hu\/index.php?rest_route=%2Fwp%2Fv2%2Fproduct_brand&post=692"},{"taxonomy":"product_cat","embeddable":true,"href":"https:\/\/zsuzsanna-kh.internetworking.hu\/index.php?rest_route=%2Fwp%2Fv2%2Fproduct_cat&post=692"},{"taxonomy":"product_tag","embeddable":true,"href":"https:\/\/zsuzsanna-kh.internetworking.hu\/index.php?rest_route=%2Fwp%2Fv2%2Fproduct_tag&post=692"}],"curies":[{"name":"wp","href":"https:\/\/api.w.org\/{rel}","templated":true}]}}